+ 19*p**2 - p + 372. Calculate c(-20).
-8
Let n(k) = -k**3 - k**2 + k - 6. Give n(-2).
-4
Let m(x) = -61*x - 103. Determine m(-1).
-42
Let a(k) = -110*k + 1503. What is a(14)?
-37
Let x(h) = 2*h**2 + 17*h + 43. Calculate x(-10).
73
Let z(k) = -2*k**3 + 2*k**2 + 24*k + 17. Give z(6).
-199
Let n(z) = -z**3 - 22*z**2 + 128*z + 2399. Determine n(-23).
-16
Let a(l) = 678*l - 2739. Calculate a(4).
-27
Let p(o) = 62*o**2 + 7067*o - 124. Determine p(-114).
-10
Let b(c) = -6*c**3 + 7*c**2 + 12*c - 12. Calculate b(2).
-8
Let j(t) = 3*t**2 - 54*t + 187. Calculate j(5).
-8
Let l(b) = -b**2 - 646*b + 649. Calculate l(1).
2
Let z(i) = 65*i + 243. Calculate z(-4).
-17
Let i(d) = 215*d**3 - 11*d**2 - 17*d + 18. Give i(1).
205
Let k(w) = 3*w**3 - 26*w**2 - 4*w - 11. Determine k(9).
34
Let x(k) = 3697*k - 88728. What is x(24)?
0
Let k(m) = 2*m**2 + 442*m + 879. Calculate k(-2).
3
Let l(x) = -x**3 + 19*x**2 - 8*x - 19. Give l(18).
161
Let r(w) = -w**3 + w**2 + 20*w - 6. Give r(-5).
44
Let n(u) = -347*u - 12141. Give n(-35).
4
Let m(z) = 54*z - 2533. What is m(47)?
5
Let y(d) = 2*d**2 + 451*d - 8763. What is y(18)?
3
Let z(l) = l**3 - 7*l**2 - 106*l + 106. Give z(14).
-6
Let g(x) = 8*x**2 + 69*x + 44. Calculate g(-8).
4
Let k(u) = -8*u**2 - 11*u + 56. Calculate k(-6).
-166
Let r(n) = -2*n**3 + 34*n**2 + 39*n - 58. Give r(18).
-4
Let i(o) = -o**2 - 44*o - 240. Determine i(-40).
-80
Let i(x) = -2*x**3 - 36*x**2 - 98*x - 86. What is i(-15)?
34
Let z(s) = -21*s**2 + 248*s + 136. Calculate z(12).
88
Let a(i) = -3929*i + 3924. Calculate a(1).
-5
Let v(d) = 71*d + 1407. What is v(-20)?
-13
Let d(n) = n**3 - 19*n**2 - 12*n + 10. Give d(20).
170
Let c(f) = 1536*f + 30729. What is c(-20)?
9
Let a(p) = 39*p + 1227. Calculate a(-31).
18
Let f(x) = 3*x - 99. What is f(61)?
84
Let p(q) = -25*q + 15. Determine p(4).
-85
Let l(d) = -22*d - 446. Determine l(-17).
-72
Let z(w) = -4*w**2 - 331*w - 965. Calculate z(-3).
-8
Let f(w) = 4*w**3 + 123*w**2 + 100*w + 289. Give f(-30).
-11
Let s(g) = -704*g + 7049. Determine s(10).
9
Let h(a) = -6*a - 19. What is h(-8)?
29
Let v(w) = -49*w - 9. Calculate v(2).
-107
Let o(f) = -f**2 + 73*f - 1336. Determine o(43).
-46
Let l(a) = 5*a**2 - 65*a + 177. Determine l(9).
-3
Let q(a) = -3*a**2 - 36*a + 681. Determine q(13).
-294
Let o(g) = g**3 + 35*g**2 + 62*g - 165. What is o(-33)?
-33
Let t(v) = 5*v**2 - 96*v + 31. Determine t(18).
-77
Let m(i) = i**2 + 108*i - 6105. Determine m(-149).
4
Let f(l) = -l**3 + 7*l**2 + l + 29. Calculate f(0).
29
Let g(h) = 17*h**3 + 12*h**2 - 48*h. Determine g(-2).
8
Let l(s) = -2*s**3 + 39*s**2 - 268*s + 5. What is l(7)?
-646
Let j(b) = -12*b**2 + 162*b - 68. What is j(13)?
10
Let m(k) = -k**3 + 44*k**2 - 165*k - 96. Calculate m(40).
-296
Let h(y) = -10*y**2 + 93*y - 276. Determine h(3).
-87
Let c(u) = -6*u**3 - 148*u**2 + 47*u - 106. Determine c(-25).
-31
Let w(k) = 9*k - 239. Calculate w(26).
-5
Let c(h) = -2*h**2 + 30*h + 5. Give c(0).
5
Let t(v) = -2*v**3 + 166*v**2 + 169*v - 81. Determine t(84).
3
Let b(c) = -7*c - 181. Calculate b(-25).
-6
Let i(y) = -y**3 - 41*y**2 - 76*y + 98. Determine i(-39).
20
Let l(s) = -10*s**2 + 67*s - 18. Determine l(4).
90
Let b(v) = -v**3 - v + 117. Give b(5).
-13
Let u(s) = -s**3 - 13*s**2 - 13*s - 10. Give u(-12).
2
Let l(v) = -7*v**2 - 105*v - 10. Determine l(-15).
-10
Let v(z) = z**2 + 27*z + 39. Give v(-26).
13
Let u(v) = 265*v - 6610. Determine u(25).
15
Let q(d) = -d**3 - 22*d**2 - 36*d + 9. What is q(-20)?
-71
Let g(y) = -5*y**3 + 93*y**2 + 39*y - 38. Determine g(19).
-19
Let l(h) = 5*h**3 + 32*h**2 - 14*h - 11. Give l(-7).
-60
Let k(d) = d**2 - 38*d + 27. What is k(36)?
-45
Let h(x) = -81*x - 1184. Calculate h(-18).
274
Let b(f) = -3*f**3 + 30*f**2 + 222*f + 48. Give b(15).
3
Let t(a) = -a**3 + 59*a**2 - 710*a - 158. Give t(42).
10
Let v(m) = 29*m + 809. Determine v(-25).
84
Let r(m) = -21*m - 985. Give r(-47).
2
Let t(g) = -7*g**2 + 34*g + 110. What is t(8)?
-66
Let h(m) = -m**2 - 9*m + 97. Give h(0).
97
Let z(v) = 87*v - 406. Determine z(4).
-58
Let c(m) = 39*m + 451. Give c(-25).
-524
Let i(n) = -n**3 + 16*n**2 - 12*n - 37. What is i(15)?
8
Let z(l) = -l**3 - 14*l**2 - 36*l - 20. Give z(-11).
13
Let i(t) = 114*t**2 - 43*t - 82. Calculate i(-2).
460
Let g(b) = -b**2 - 13*b - 91. Give g(-15).
-121
Let g(w) = 2*w**3 - 15*w**2 - 109*w + 73. Calculate g(-5).
-7
Let x(m) = 62*m - 225. Determine x(14).
643
Let k(s) = 3*s**2 - 1100*s + 2179. Determine k(2).
-9
Let l(s) = -s**2 + 7*s + 1973. Determine l(48).
5
Let o(t) = -65*t - 767. Determine o(-18).
403
Let x(j) = 4*j**3 + 144*j**2 - 1410*j - 93. Calculate x(-44).
-5
Let n(a) = 2*a**2 - 62*a + 404. Give n(21).
-16
Let c(l) = -5114*l**2 - 71594*l + 25. Determine c(-14).
-3
Let j(a) = -3*a**3 + 312*a**2 - 311*a + 43. Determine j(103).
-163
Let k(f) = -f**3 - 9*f**2 + 62*f - 104. Calculate k(-14).
8
Let l(r) = -314*r + 916. Calculate l(3).
-26
Let o(n) = n**3 + 10*n**2 + n - 1. Calculate o(-7).
139
Let d(y) = -y**2 + 194*y - 384. Determine d(2).
0
Let b(f) = 3*f**2 - f - 719. Give b(17).
131
Let f(a) = a**2 - 17*a - 61. Determine f(-3).
-1
Let u(m) = 15*m**2 + 2*m + 1. What is u(-2)?
57
Let p(h) = -29*h - 632. Determine p(-13).
-255
Let l(a) = -448*a - 3156. What is l(-7)?
-20
Let i(n) = -196*n + 13712. Give i(70).
-8
Let w(n) = n**2 - 484*n - 12202. Give w(-24).
-10
Let i(t) = 107*t - 104. Calculate i(9).
859
Let p(u) = -3*u**3 - 5*u**2 - 17*u - 3. Give p(0).
-3
Let o(i) = -88*i - 1169. Determine o(-15).
151
Let w(i) = -5*i + 197. Give w(28).
57
Let v(a) = -131*a**2 + 133*a - 7. What is v(1)?
-5
Let o(l) = 4*l**3 - 166*l**2 - 323*l + 22. Calculate o(-2).
-28
Let z(c) = -c**2 + 52*c - 467. Determine z(41).
-16
Let s(h) = -2*h**2 - 190*h + 161. Give s(-97).
-227
Let n(d) = 10*d + 17. Calculate n(-25).
-233
Let n(d) = d**2 - 52*d + 455. What is n(11)?
4
Let d(z) = 1564*z - 109497. Give d(70).
-17
Let m(j) = -j**2 - 675*j - 55574. Calculate m(-96).
10
Let h(r) = 14*r + 61. Give h(-12).
-107
Let g(i) = -2*i**2 + 279*i - 8871. Calculate g(49).
-2
Let t(q) = -q**2 + 6*q + 19. Give t(-5).
-36
Let f(b) = -70*b**2 + 4131*b - 60. Give f(59).
-1
Let k(n) = -293*n + 45437. Calculate k(155).
22
Let z(y) = -y**3 - 16*y**2 - 2*y + 1. Determine z(-16).
33
Let z(p) = p**3 - 203*p**2 + 813*p - 3367. What is z(199)?
16
Let j(l) = -2*l**3 + 2*l**2 + 90. What is j(0)?
90
Let p(k) = -k + 34. What is p(-4)?
38
Let j(y) = -488*y - 8294. What is j(-17)?
2
Let y(s) = -s**3 + 12*s**2 - s - 166. What is y(10)?
24
Let p(y) = -1658*y + 16572. Give p(10).
-8
Let x(k) = k**3 - 2*k**2 - 18*k - 31. Give x(-8).
-527
Let m(c) = -8*c + 469. Calculate m(59).
-3
Let m(x) = -213*x + 856. Give m(4).
4
Let c(k) = 12110*k + 60558. Give c(-5).
8
Let j(w) = w**3 - 13*w**2 + 19*w + 82. Give j(12).
166
Let t(m) = -532*m - 5809. What is t(-11)?
43
Let c(y) = 23*y**2 + 9*y + 9. What is c(-1)?
23
Let f(b) = -103*b + 39. What is f(0)?
39
Let m(d) = d**3 + 3*d**2 - 42*d + 6. Give m(5).
-4
Let l(f) = -f**2 - 30*f - 307. Determine l(-23).
-146
Let q(i) = -i**3 + 14*i**2 + 7*i + 16. Calculate q(7).
408
Let v(a) = -172*a**2 - 3272*a + 6. Determine v(-19).
82
Let k(d) = -11*d + 143. Determine k(16).
-33
Let r(y) = y**2 + 12*y - 190. Give r(-21).
-1
Let h(x) = x**3 + 101*x**2 - 316*x - 435. Determine h(-104).
-19
Let l(y) = -4*y**2 - 84*y + 192. What is l(2)?
8
Let b(w) = w**3 - 23*w**2 - 7*w + 447. What is b(21)?
-582
Let w(s) = 10*s - 72. What is w(6)?
-12
Let q(t) = t**3 - 75*t**2 + 2*t - 9. What is q(75)?
141
Let a(j) = 56*j**2 + 219*j. What is a(-5)?
305
Let w(n) = -47*n - 703. Determine w(-14).
-45
Let u(h) = -h**2 + 15*h - 61. Determine u(14).
-47
Let o(y) = y**3 + 45*y**2 + 432*y - 505. Give o(-30).
35
Let g(t) = -2*t**3 - 526*t**2 - 538*t - 3668. Give g(-262).
0
Let z(c) = c**2 + 22*c - 3433. Give z(49).
46
Let f(n) = 8*n**2 + 416*n - 33. Determine f(-52).
-33
Let u(f) = 2*f**2 + 65*f - 676. Calculate u(9).
71
Let s(y) = -y**2 - 123*y - 114. Determine s(-122).
8
Let s(c) = c**3 + 66*c**2 + 189*c - 88. Calculate s(-63).
-88
Let z(f) = f**2 - 35*f - 269. Give z(38).
-155
Let m(b) = 38*b**2 - 1365*b - 35. Give m(36).
73
Let f(t) = 9*t**2 + 827*t + 2377. Determine f(-89).
63
Let t(k) = 7*k**2 - 762*k + 2284. Give t(3).
61
Let b(j) = -1063*j - 4327. Determine b(-4).
-75
Let d